(z) = 2*z - 7 + 4 + 2*z + z**3 - 3*z**2. Let s be j(3). Let a = s - 6. What are the prime factors of a?
3
What are the prime factors of (-1555)/20*(-2 + -2)?
311
Let j = -6 - -13. Let c = j - 5. What are the prime factors of (c/6)/((-3)/(-45))?
5
Suppose -4*s = s. Let u be s - (-1 + (-1 - -2)). Let p(a) = a**2 + 6. What are the prime factors of p(u)?
2, 3
Let f = 53 + -34. Let h = f + -7. List the prime factors of h.
2, 3
Let g(h) = -h**3 + 16*h**2 - h + 53. List the prime factors of g(16).
37
Let r = -34 - -78. Suppose 0 = 9*a - 5*a - r. List the prime factors of a.
11
Let f(l) be the second derivative of 5*l**3/6 - 4*l**2 - 4*l. List the prime factors of f(8).
2
Let w(p) = -3*p**2 + 5*p + 3. Let v be w(4). Let z = v - -86. Suppose -y = -5*a - 3*y + z, 4*y - 34 = -2*a. List the prime factors of a.
11
Suppose -5*l + l - 28 = 0. Let v(z) = z + 14. What are the prime factors of v(l)?
7
Suppose -s + 0*s - 4 = 0. Let b = -4 - s. Suppose -4*y = -3*o - 81, o + 21 = y - b*o. List the prime factors of y.
2, 3
Let f(s) be the first derivative of -s**4/4 - 7*s**3/3 + s**2/2 - 6*s + 1. Let l be f(-6). List the prime factors of (5/15)/((-2)/l).
2
Let l(m) = -m**3 + 10*m**2 + 12*m - 9. Let y be l(11). List the prime factors of y/6 - (-34)/6.
2, 3
Let b be (0 - -5) + (5 - 6). Suppose -q + 20 = b*f, -q - q = -4*f - 76. List the prime factors of q.
2
Let l = 237 - 130. What are the prime factors of l?
107
Let r be (-4)/14 - 12/(-42). What are the prime factors of -42*((-1)/3 + r)?
2, 7
Let i(b) = -b**2 + 5*b - 3. Let k be i(5). Let c be 0 + (-1)/k*0. What are the prime factors of c - (-10 - (1 + -2))?
3
Let s = -10 - -10. Suppose s = -3*g - 0*g, b = -5*g. Suppose b = -2*q + 16. List the prime factors of q.
2
Suppose 0*z = -3*z + 18. What are the prime factors of z/(-4)*26/(-3)?
13
Suppose -71 = -2*o + h, -5*o + 0*o + 5*h = -175. Suppose -5*u = -o - 34. What are the prime factors of u?
2, 7
Let o = -98 + 54. Let u = o - -63. List the prime factors of u.
19
Let a = 32 + 34. List the prime factors of a.
2, 3, 11
Suppose -5*y - 53 = 2*n, y = -n - 3*n - 79. Let t = -13 - n. What are the prime factors of t?
2, 3
Let i = 5 + -6. Let k = 12 + i. List the prime factors of k.
11
Suppose 0*a = 5*k + a - 18, k = -3*a + 12. Suppose -7 = -k*m + 17. What are the prime factors of m?
2
Let r be 29 - 0 - (2 - 5). Suppose 3*x = 7*x - r. What are the prime factors of x?
2
Let d(w) = -w**3 - 10*w**2 + 4*w + 7. List the prime factors of d(-11).
2, 3, 7
Suppose 599 = 10*z - 271. What are the prime factors of z?
3, 29
Suppose z = 2*z - 3*q - 22, -52 = -4*z + 3*q. Let h = 20 - z. What are the prime factors of h?
2, 5
Suppose 4*g = -266 + 778. What are the prime factors of g?
2
Suppose 4*y + 4*i + 16 = 0, 5*y = 5*i + 14 - 54. Let l be y/(-15) - (-1116)/(-15). List the prime factors of 1/(-4) + l/(-8).
3
What are the prime factors of (-36)/8*(-4)/6 + 126?
3, 43
Let r = 6 - 4. Suppose -3*j = -r*m + 11, -4*m + 4*j + 45 = m. List the prime factors of m.
13
Let f = 10 - 104. Let w = -67 - f. What are the prime factors of w?
3
Let f(n) = -2*n**2 + 3*n + 19. Let x(h) = 3*h**2 - 4*h - 28. Let y(o) = 7*f(o) + 5*x(o). List the prime factors of y(5).
23
Suppose 3*h = -2*h - 25, -4*w - 2*h = -6. Suppose w*k = k + 9. What are the prime factors of k?
3
Let a(b) = -2*b - 11. Let x be a(-8). Suppose 68 = x*u - u + 5*v, -2*v - 16 = -2*u. What are the prime factors of u?
2, 3
Suppose r - 3 = -5*j, -5*r + 23 - 8 = 4*j. Suppose 0 = -r*z - 2*z - 35. Let u(t) = -3*t - 10. List the prime factors of u(z).
11
Let k = -7 + 4. Let h = 9 + k. List the prime factors of h.
2, 3
Suppose -475 = -5*f + 3*q, -3*f - 2*q + 0*q = -266. List the prime factors of f.
2, 23
Suppose -5*p = -0*p + 90. Suppose 0 = -3*o + 4*t + 89, 0 = -0*t - 3*t + 3. Let z = o + p. What are the prime factors of z?
13
Let h(d) = 4*d**3 - 2*d**2 + 1. Let l be h(1). Suppose 2*u - v = 95, -4*u - 210 = -9*u - l*v. Let r = -28 + u. What are the prime factors of r?
17
Suppose 0 = 5*y + 2*m - 4*m - 143, 5*m + 101 = 3*y. What are the prime factors of y?
3
Let x be (-2)/(-5) + 176/(-40). Let i = 4 + x. Suppose -3*j = 2*q + 9, i*q - 10 = -5*q - j. What are the prime factors of q?
3
Let b(p) = -4*p**3 + 11*p**2 - 4*p - 9. Let y(i) = -3*i**3 + 10*i**2 - 4*i - 9. Let v(j) = -2*b(j) + 3*y(j). List the prime factors of v(7).
2, 3
Suppose -31*c - 137 = -32*c. What are the prime factors of c?
137
Let n(d) = d**2 + d - 1. Let m be n(1). Let f(y) = 3*y - 1. List the prime factors of f(m).
2
Suppose -4*a = -2*x + 3*x - 12, x - 16 = -5*a. Let r be x*(-1)/(-2)*-3. Suppose 0 = -2*g + 2*y + 8, 0 = -3*g + r*g + 3*y - 36. What are the prime factors of g?
2
Let u = 95 - -27. List the prime factors of u.
2, 61
Suppose -4*f + 3*d = -2*d + 25, 5*f - 2*d + 10 = 0. Suppose 4*n = n - 3*h + 51, 2*h + 6 = f. What are the prime factors of n?
2, 5
Let o(z) be the first derivative of 3*z**2/2 + z + 5. Suppose 5*f = 3 + 7. List the prime factors of o(f).
7
Let j(i) = -i**2 + 8*i - 7. Let a be j(7). Suppose a*y = -5*y. Let h(x) = -x**3 - x + 5. What are the prime factors of h(y)?
5
Suppose -3*p + 280 = 2*p. Suppose -j - p = -5*j. What are the prime factors of j?
2, 7
Suppose m = -3*m - 8. Let c = m - -45. List the prime factors of c.
43
Let j = -13 + 20. Let o(y) = -y**2 + 8*y - 7. Let p be o(j). List the prime factors of (p - -2)*(-9)/(-2).
3
Suppose -3*z + 465 = 4*p, -1 = 4*p - 13. What are the prime factors of z?
151
Let d be -10*(-5)/((-25)/(-2)). Suppose -4*s = -2*s - d. List the prime factors of s.
2
Suppose -3*j = -6*j + 18. List the prime factors of j/((4/7)/2).
3, 7
Suppose 2 = j - 3*z, 0*z - 56 = 4*j + 4*z. Let l = 5 - j. List the prime factors of l.
3, 5
Let w be (1/1)/(2/(-38)). Let d = w + 46. Let v = d - 15. What are the prime factors of v?
2, 3
Let s(p) = -p**2 - 10*p - 6. Let v be s(-9). List the prime factors of 42/(-7)*(-16)/v.
2
Let s be 15/10 - 1/(-2). Let r be 3/2*s/3. Suppose q - r = 1. List the prime factors of q.
2
Let n(h) = -2*h + 9. Let k be n(-7). Suppose -k - 33 = -4*y. List the prime factors of y.
2, 7
Let l = -2 + 7. Let y = 0 + 4. Suppose -y = 4*q, -q = -l*f + 4*q + 55. What are the prime factors of f?
2, 5
Let q(s) = -s**3 + 13*s**2 + 14*s + 14. What are the prime factors of q(14)?
2, 7
Suppose t - 29 = -3*p, 2*p - p = t - 21. What are the prime factors of t?
23
Let w(c) = 4*c - 4 + 3 - 1 - 66*c. Let t be w(-2). Suppose 5*z + 37 = t. What are the prime factors of z?
17
Let r(a) = 54*a**2 + 8*a + 15. What are the prime factors of r(-2)?
5, 43
Let u = 15 + -2. Let v = -10 + u. List the prime factors of v.
3
Let s be -5*(-2 + (-24)/(-15)). Suppose -26 = -2*f - s*n, 0 = -4*f + n + 3*n + 60. What are the prime factors of f?
2, 7
Let b(f) = 5*f**3 + f**2 - f - 20. Let s(n) = -11*n**3 - 2*n**2 + 2*n + 41. Let r(d) = -13*b(d) - 6*s(d). List the prime factors of r(0).
2, 7
Suppose 4*p - 262 + 66 = 0. List the prime factors of p.
7
Let v(u) = u**3 - 6*u**2 + 5*u + 2. Suppose -2*a + 5*b - 7 = 0, 5*a + b = 3*b + 14. Let k be a/(-14) + 259/49. What are the prime factors of v(k)?
2
List the prime factors of 3 - 4629/(-45) - 8/(-60).
2, 53
Let n be 1*(13 + 0 + 0). Suppose -2*x + 41 - 3 = 0. Let d = x - n. What are the prime factors of d?
2, 3
Suppose -2*h + 3 + 1 = 0. Let t be -10*h*2/(-4). What are the prime factors of (t/3)/((-2)/(-6))?
2, 5
Suppose -n = -0*n + 4, 3*p - 36 = 3*n. Suppose -z + 33 = 2*m, m - 2*z - 1 - p = 0. What are the prime factors of m?
3, 5
Suppose 4*j + 2*u = 18, -3*u + 5 + 2 = j. Suppose -j*a + 51 = -a. List the prime factors of a.
17
Suppose j + 11 = 2*j. What are the prime factors of j?
11
Let o = -15 + 19. Suppose -o*r = 36 - 104. List the prime factors of r.
17
Let q = 13 + -4. Let h be 3/q - (-176)/(-6). Let p = -17 - h. List the prime factors of p.
2, 3
Let f be 1 + 0 + (-23 - 0). List the prime factors of 2/11 - 84/f.
2
Let x be 1*-1 + 14 + -1. Let w = 7 - x. Let s = 22 + w. What are the prime factors of s?
17
Suppose -2*t - 111 = t. Let p = t - -52. Let q = 8 + p. What are the prime factors of q?
23
Let y be ((-6)/4)/((-9)/54). Let w(d) = d**2 - 7*d - 11. What are the prime factors of w(y)?
7
What are the prime factors of (-68)/51*(-6)/4?
2
Suppose -2*o - 2 = -8. Suppose -14 = o*d - 4*d. What are the prime factors of d?
2, 7
Let h